 the remainder when 1691 is divided by 121?
118
Calculate the remainder when 2664 is divided by 61.
41
Calculate the remainder when 203 is divided by 35.
28
Calculate the remainder when 2674 is divided by 661.
30
What is the remainder when 525 is divided by 86?
9
What is the remainder when 3283 is divided by 205?
3
Calculate the remainder when 200 is divided by 54.
38
What is the remainder when 40 is divided by 38?
2
What is the remainder when 1499 is divided by 97?
44
What is the remainder when 1870 is divided by 28?
22
What is the remainder when 157 is divided by 17?
4
What is the remainder when 73 is divided by 5?
3
What is the remainder when 6376 is divided by 2124?
4
What is the remainder when 358 is divided by 57?
16
What is the remainder when 1946 is divided by 482?
18
Calculate the remainder when 535 is divided by 77.
73
What is the remainder when 953 is divided by 456?
41
Calculate the remainder when 234 is divided by 30.
24
Calculate the remainder when 18094 is divided by 355.
344
What is the remainder when 512 is divided by 131?
119
What is the remainder when 570 is divided by 171?
57
Calculate the remainder when 2413 is divided by 105.
103
What is the remainder when 528 is divided by 89?
83
What is the remainder when 1751 is divided by 220?
211
Calculate the remainder when 135 is divided by 30.
15
Calculate the remainder when 319 is divided by 32.
31
What is the remainder when 3137 is divided by 10?
7
Calculate the remainder when 2029 is divided by 9.
4
What is the remainder when 181 is divided by 18?
1
What is the remainder when 102 is divided by 30?
12
What is the remainder when 130 is divided by 19?
16
Calculate the remainder when 593 is divided by 54.
53
What is the remainder when 1371 is divided by 28?
27
Calculate the remainder when 152 is divided by 8.
0
Calculate the remainder when 33058 is divided by 60.
58
Calculate the remainder when 98 is divided by 18.
8
Calculate the remainder when 263 is divided by 55.
43
What is the remainder when 799 is divided by 9?
7
What is the remainder when 275 is divided by 143?
132
What is the remainder when 285 is divided by 117?
51
Calculate the remainder when 235 is divided by 4.
3
Calculate the remainder when 3067 is divided by 29.
22
Calculate the remainder when 33283 is divided by 17.
14
Calculate the remainder when 2212 is divided by 548.
20
Calculate the remainder when 62 is divided by 20.
2
Calculate the remainder when 101 is divided by 100.
1
Calculate the remainder when 539 is divided by 20.
19
What is the remainder when 303 is divided by 300?
3
Calculate the remainder when 960 is divided by 358.
244
What is the remainder when 727 is divided by 10?
7
What is the remainder when 104 is divided by 15?
14
What is the remainder when 509 is divided by 7?
5
Calculate the remainder when 296 is divided by 10.
6
What is the remainder when 107 is divided by 33?
8
What is the remainder when 568 is divided by 10?
8
What is the remainder when 5749 is divided by 23?
22
What is the remainder when 242 is divided by 36?
26
What is the remainder when 313 is divided by 50?
13
What is the remainder when 60064 is divided by 41?
40
Calculate the remainder when 14575 is divided by 8.
7
What is the remainder when 516 is divided by 180?
156
What is the remainder when 131 is divided by 124?
7
Calculate the remainder when 105 is divided by 23.
13
What is the remainder when 211 is divided by 33?
13
What is the remainder when 8726 is divided by 7?
4
What is the remainder when 95 is divided by 15?
5
What is the remainder when 1122 is divided by 62?
6
Calculate the remainder when 39 is divided by 20.
19
What is the remainder when 103 is divided by 96?
7
Calculate the remainder when 1414 is divided by 235.
4
What is the remainder when 403 is divided by 47?
27
What is the remainder when 122 is divided by 46?
30
Calculate the remainder when 171 is divided by 93.
78
What is the remainder when 196 is divided by 178?
18
What is the remainder when 327 is divided by 140?
47
Calculate the remainder when 4833 is divided by 62.
59
What is the remainder when 57 is divided by 10?
7
What is the remainder when 630 is divided by 91?
84
What is the remainder when 140 is divided by 37?
29
Calculate the remainder when 7 is divided by 6.
1
Calculate the remainder when 177 is divided by 45.
42
What is the remainder when 92 is divided by 48?
44
What is the remainder when 85 is divided by 10?
5
What is the remainder when 188 is divided by 30?
8
What is the remainder when 306 is divided by 81?
63
What is the remainder when 229 is divided by 47?
41
What is the remainder when 3321 is divided by 95?
91
What is the remainder when 647 is divided by 90?
17
Calculate the remainder when 2076 is divided by 425.
376
What is the remainder when 679 is divided by 53?
43
Calculate the remainder when 182 is divided by 8.
6
What is the remainder when 51 is divided by 5?
1
Calculate the remainder when 987 is divided by 26.
25
What is the remainder when 395 is divided by 50?
45
What is the remainder when 20129 is divided by 33?
32
Calculate the remainder when 164 is divided by 31.
9
Calculate the remainder when 717 is divided by 104.
93
What is the remainder when 621 is divided by 78?
75
Calculate the remainder when 5559 is divided by 59.
13
Calculate the remainder when 153 is divided by 63.
27
Calculate the remainder when 84 is divided by 44.
40
Calculate the remainder when 1504 is divided by 299.
9
Calculate the remainder when 403 is divided by 207.
196
Calculate the remainder when 694 is divided by 257.
180
Calculate the remainder when 75 is divided by 39.
36
Calculate the remainder when 2572 is divided by 16.
12
Calculate the remainder when 673 is divided by 25.
23
What is the remainder when 855 is divided by 829?
26
What is the remainder when 59 is divided by 27?
5
Calculate the remainder when 1023 is divided by 509.
5
Calculate the remainder when 411 is divided by 104.
99
Calculate the remainder when 640 is divided by 187.
79
Calculate the remainder when 515 is divided by 239.
37
What is the remainder when 217 is divided by 72?
1
Calculate the remainder when 1147 is divided by 70.
27
What is the remainder when 8519 is divided by 40?
39
What is the remainder when 1273 is divided by 26?
25
What is the remainder when 254 is divided by 108?
38
Calculate the remainder when 4442 is divided by 22.
20
What is the remainder when 331 is divided by 104?
19
What is the remainder when 181 is divided by 76?
29
What is the remainder when 921 is divided by 37?
33
Calculate the remainder when 26 is divided by 9.
8
Calculate the remainder when 87 is divided by 5.
2
Calculate the remainder when 10 is divided by 1.
0
Calculate the remainder when 7341 is divided by 54.
51
Calculate the remainder when 169 is divided by 34.
33
Calculate the remainder when 220 is divided by 109.
2
Calculate the remainder when 455 is divided by 6.
5
Calculate the remainder when 3779 is divided by 253.
237
What is the remainder when 67 is divided by 18?
13
Calculate the remainder when 294 is divided by 15.
9
What is the remainder when 259 is divided by 65?
64
Calculate the remainder when 330 is divided by 20.
10
Calculate the remainder when 813 is divided by 51.
48
Calculate the remainder when 323 is divided by 110.
103
Calculate the remainder when 309 is divided by 85.
54
Calculate the remainder when 44 is divided by 44.
0
What is the remainder when 1505 is divided by 29?
26
What is the remainder when 1969 is divided by 52?
45
What is the remainder when 2403 is divided by 1193?
17
What is the remainder when 1924 is divided by 390?
364
What is the remainder when 277 is divided by 47?
42
What is the remainder when 5855 is divided by 58?
55
What is the remainder when 203 is divided by 26?
21
What is the remainder when 2183 is divided by 9?
5
Calculate the remainder when 6015 is divided by 17.
14
What is the remainder when 177 is divided by 60?
57
Calculate the remainder when 192 is divided by 97.
95
What is the remainder when 190 is divided by 60?
10
Calculate the remainder when 315 is divided by 157.
1
What is the remainder when 3521 is divided by 700?
21
What is the remainder when 1144 is divided by 559?
26
Calculate the remainder when 131 is divided by 53.
25
What is the remainder wh